{"id":74,"date":"2014-06-04T05:45:23","date_gmt":"2014-06-04T03:45:23","guid":{"rendered":"http:\/\/www.ljustero.org\/vadholma-vagforening\/?page_id=74"},"modified":"2026-04-28T14:27:33","modified_gmt":"2026-04-28T12:27:33","slug":"filarkiv-2","status":"publish","type":"page","link":"http:\/\/www.ljustero.org\/vadholma-vagforening\/filarkiv-2\/","title":{"rendered":"Filarkiv"},"content":{"rendered":"<p style=\"padding-left: 40px;\"><strong>Filarkiv<br \/><a href=\"http:\/\/www.ljustero.org\/vadholma-vagforening\/wp-content\/uploads\/sites\/5\/2014\/06\/Info-om-Vadholma-samf.-F\u00f6rslag-2017-03-17.pdf\" rel=\"\">Info f\u00f6r medlemmar om Vadholma samf\u00e4llighetsf\u00f6rening<\/a><a href=\"http:\/\/www.ljustero.org\/vadholma-vagforening\/wp-content\/uploads\/sites\/5\/2014\/06\/%C3%84ndam%C3%A5l-o-verksamhet.pdf\" target=\"_blank\" rel=\"noopener noreferrer\"><br \/><\/a><a href=\"http:\/\/www.ljustero.org\/vadholma-vagforening\/wp-content\/uploads\/sites\/5\/2026\/04\/Stadgar-Vadholma-samfallighetsforening-2026-01-12-reg-lantmateri.pdf\" target=\"_blank\" rel=\"noopener noreferrer\">Stadgar<\/a><br \/><strong><a href=\"http:\/\/www.ljustero.org\/vadholma-vagforening\/wp-content\/uploads\/sites\/5\/2026\/04\/Anlaggningsbeslut-Vadholma-vagsamfallighet-sammanstallt-2026.pdf\" target=\"_blank\" rel=\"noopener noreferrer\">Anl\u00e4ggningsbeslut<\/a><br \/><\/strong><\/strong><strong><a href=\"http:\/\/www.ljustero.org\/vadholma-vagforening\/wp-content\/uploads\/sites\/5\/2026\/04\/Personuppgiftspolicy-for-Vadholma-samfallighetsforening-i-enlighet-med-Dataskyddsforordningen.pdf\" target=\"_blank\" rel=\"noopener\">Personuppgiftspolicy<\/a><\/strong><\/p>\r\n<p style=\"padding-left: 40px;\"><strong><span style=\"font-size: 20px;\">\u00c5rsm\u00f6ten<\/span><\/strong><\/p>\r\n<p style=\"padding-left: 40px;\"><strong><span style=\"font-family: 'arial black', 'avant garde'; font-size: 13px;\">2025<br \/><a href=\"http:\/\/www.ljustero.org\/vadholma-vagforening\/wp-content\/uploads\/sites\/5\/2025\/06\/Vadholma-vagsamfallighet-Arsmote-protokoll-2025.pdf\">VSF protokoll \u00e5rsm\u00f6te 2025<\/a><\/span><\/strong><\/p>\r\n<p style=\"padding-left: 40px;\"><strong><span style=\"font-family: 'arial black', 'avant garde'; font-size: 13px;\">2024<br \/><a href=\"http:\/\/www.ljustero.org\/vadholma-vagforening\/wp-content\/uploads\/sites\/5\/2024\/05\/Vadholma-vagforening-Arsmote-kallelse-2024-final.pdf\">Vadholma v\u00e4gf\u00f6rening \u00c5rsm\u00f6te kallelse 2024 final<\/a><br \/><a href=\"http:\/\/www.ljustero.org\/vadholma-vagforening\/wp-content\/uploads\/sites\/5\/2024\/05\/Verksamhetsberattelse-Vadholma-2023-24-ver-final.pdf\">Verksamhetsber\u00e4ttelse Vadholma 2023-24 ver final<\/a><br \/><a href=\"http:\/\/www.ljustero.org\/vadholma-vagforening\/wp-content\/uploads\/sites\/5\/2024\/05\/Vadholma-vagforening-Bokslut-o-Budget-4-maj.pdf\">VSF Bokslut 2023-24 och Budget<\/a><br \/><a href=\"http:\/\/www.ljustero.org\/vadholma-vagforening\/wp-content\/uploads\/sites\/5\/2024\/05\/VSF-Revisionsyttrande-2023-24.pdf\">VSF Revisionsyttrande 2023-24<\/a><br \/><a href=\"http:\/\/www.ljustero.org\/vadholma-vagforening\/wp-content\/uploads\/sites\/5\/2024\/05\/Valberedningens-forslag-infor-arsmotet-2024.pdf\">Valberedningens f\u00f6rslag inf\u00f6r \u00e5rsm\u00f6tet 2024<\/a><br \/><a href=\"http:\/\/www.ljustero.org\/vadholma-vagforening\/wp-content\/uploads\/sites\/5\/2024\/06\/VSF-Protokoll-arsmote-2024-justerat.pdf\">VSF Protokoll \u00e5rsm\u00f6te 2024, justerat<\/a>\u00a0<br \/><br \/><\/span><\/strong><strong><span style=\"font-family: 'arial black', 'avant garde'; font-size: 13px;\">2023<br \/><a href=\"http:\/\/www.ljustero.org\/vadholma-vagforening\/wp-content\/uploads\/sites\/5\/2023\/05\/Vadholma-vagforening-Arsmote-kallelse-2023final.pdf\">Vadholma v\u00e4gf\u00f6rening \u00c5rsm\u00f6te kallelse 2023final<\/a><br \/><a href=\"http:\/\/www.ljustero.org\/vadholma-vagforening\/wp-content\/uploads\/sites\/5\/2023\/05\/Verksamhetsberattelse-Vadholma-2022-23-final.pdf\">Verksamhetsber\u00e4ttelse Vadholma 2022-23 final<\/a><br \/><a href=\"http:\/\/www.ljustero.org\/vadholma-vagforening\/wp-content\/uploads\/sites\/5\/2023\/05\/VSF-Bokslut-2022-23-och-Budget-.pdf\">VSF Bokslut 2022-23 och Budget<\/a><br \/><a href=\"http:\/\/www.ljustero.org\/vadholma-vagforening\/wp-content\/uploads\/sites\/5\/2023\/05\/VSF-Revisionsyttrande-2022-23.pdf\">VSF Revisionsyttrande 2022-23<\/a><br \/><a href=\"http:\/\/www.ljustero.org\/vadholma-vagforening\/wp-content\/uploads\/sites\/5\/2023\/05\/Val-av-funktionarer-2023-final.pdf\">Val av funktion\u00e4rer 2023 final<\/a><br \/><a href=\"http:\/\/www.ljustero.org\/vadholma-vagforening\/wp-content\/uploads\/sites\/5\/2023\/09\/Protokoll-arsmote-2023-1.pdf\">Protokoll \u00e5rsm\u00f6te 2023<\/a><br \/><\/span><\/strong><\/p>\r\n<p style=\"padding-left: 40px;\"><strong><span style=\"font-family: 'arial black', 'avant garde'; font-size: 13px;\">2022<br \/><span style=\"color: #003366;\"><a style=\"color: #003366;\" href=\"http:\/\/www.ljustero.org\/vadholma-vagforening\/wp-content\/uploads\/sites\/5\/2022\/05\/Vadholma-vagforening-Arsmote-kallelse-2022-final.pdf\"><span style=\"font-family: 'arial black', 'avant garde';\">\u00c5rsm\u00f6te kallelse 2022 <\/span><\/a><\/span><br \/><span style=\"color: #003366;\"><a style=\"color: #003366;\" href=\"http:\/\/www.ljustero.org\/vadholma-vagforening\/wp-content\/uploads\/sites\/5\/2022\/05\/Verksamhetsberattelse-Vadholma-2021-22-final.pdf\">Verksamhetsber\u00e4ttelse 2021-22 <\/a><\/span><br \/><span style=\"color: #003366;\"><strong><a style=\"color: #003366;\" href=\"http:\/\/www.ljustero.org\/vadholma-vagforening\/wp-content\/uploads\/sites\/5\/2022\/05\/Bokslut-2021-2022-Den-6-maj.pdf\">Bokslut 2021-2022<\/a><\/strong><\/span><br \/><\/span><\/strong><span style=\"color: #003366; font-family: 'arial black', 'avant garde'; font-size: 13px;\"><strong><a style=\"color: #003366;\" href=\"http:\/\/www.ljustero.org\/vadholma-vagforening\/wp-content\/uploads\/sites\/5\/2022\/05\/Revisionsyttrande-2021.pdf\">Revisionsyttrande 2021<\/a><\/strong><\/span><strong><span style=\"font-family: 'arial black', 'avant garde'; font-size: 13px;\"><br \/><span style=\"color: #003366;\"><a style=\"color: #003366;\" href=\"http:\/\/www.ljustero.org\/vadholma-vagforening\/wp-content\/uploads\/sites\/5\/2022\/05\/Val-av-funktionarer-2022-final.pdf\">Val av funktion\u00e4rer 2022<\/a><br \/><a href=\"http:\/\/www.ljustero.org\/vadholma-vagforening\/wp-content\/uploads\/sites\/5\/2022\/08\/VSF-Protokoll-fran-arsmote-2022.pdf\">VSF &#8211; Protokoll fr\u00e5n \u00e5rsm\u00f6te 2022<\/a><br \/><\/span><\/span><\/strong><strong><span style=\"font-family: 'arial black', 'avant garde'; font-size: 13px;\"> <br \/><\/span><\/strong><span style=\"font-size: 13px;\"><span style=\"font-family: 'arial black', 'avant garde';\">2021 <br \/><a href=\"http:\/\/www.ljustero.org\/vadholma-vagforening\/wp-content\/uploads\/sites\/5\/2021\/06\/Vadholma-v\u00e4gf\u00f6rening-\u00c5rsm\u00f6te-kallelse-2021-final.pdf\" rel=\"\">Kallelse, dagordning 2021<\/a> <br \/><\/span><span style=\"font-family: 'arial black', 'avant garde';\"><a href=\"http:\/\/www.ljustero.org\/vadholma-vagforening\/wp-content\/uploads\/sites\/5\/2021\/06\/Verksamhetsber\u00e4ttelse-Vadholma-2020-21-final.pdf\" rel=\"\"><span style=\"font-family: 'arial black', 'avant garde';\">Verksamhetsber\u00e4ttelse<\/span> 2020-2021 <\/a> <br \/><a href=\"http:\/\/www.ljustero.org\/vadholma-vagforening\/wp-content\/uploads\/sites\/5\/2021\/06\/Bokslut-2020-2021-Final.pdf\" rel=\"\">Bokslut 2020 &#8211; 2021<\/a> <br \/><a href=\"http:\/\/www.ljustero.org\/vadholma-vagforening\/wp-content\/uploads\/sites\/5\/2021\/06\/VSFF-Revisionsyttrande.pdf\" rel=\"\">Revisorsyttrande 2020-2021<\/a> <br \/><a href=\"http:\/\/www.ljustero.org\/vadholma-vagforening\/wp-content\/uploads\/sites\/5\/2021\/06\/VSFF-Revisionsyttrande.pdf\" rel=\"\">Val av funktion\u00e4rer 2021<\/a> <br \/><\/span><span style=\"font-family: 'arial black', 'avant garde';\"><a href=\"http:\/\/www.ljustero.org\/vadholma-vagforening\/wp-content\/uploads\/sites\/5\/2022\/01\/VSF-protokoll-arsmote-2021.pdf\">VSF protokoll \u00e5rsm\u00f6te 2021<\/a> <\/span><\/span><\/p>\r\n<p style=\"padding-left: 40px;\"><span style=\"font-family: tahoma, arial, helvetica, sans-serif;\"><strong>2020<br \/><a href=\"http:\/\/www.ljustero.org\/vadholma-vagforening\/wp-content\/uploads\/sites\/5\/2014\/06\/Vadholma-v\u00e4gf\u00f6rening-\u00c5rsm\u00f6te-kallelse-2020-final-rev.pdf\" rel=\"\">Kallelse, dagordning 2020<\/a><\/strong><\/span><strong><br \/><span style=\"font-family: tahoma, arial, helvetica, sans-serif;\"><a href=\"http:\/\/www.ljustero.org\/vadholma-vagforening\/wp-content\/uploads\/sites\/5\/2014\/06\/V-ber\u00e4ttelse-Vadholma-2019-20-final.pdf\" rel=\"\">Verksamhetsber\u00e4ttelse 2019-2020 <\/a><\/span><br \/><span style=\"font-family: tahoma, arial, helvetica, sans-serif;\"><a href=\"http:\/\/www.ljustero.org\/vadholma-vagforening\/wp-content\/uploads\/sites\/5\/2014\/06\/Bokslut-2019-2020-1final.pdf\" rel=\"\">Bokslut 2019 &#8211; 2020<\/a><\/span><br \/><span style=\"font-family: tahoma, arial, helvetica, sans-serif;\"><a href=\"http:\/\/www.ljustero.org\/vadholma-vagforening\/wp-content\/uploads\/sites\/5\/2014\/06\/Revisorsyttrande-2019-2020.pdf\" rel=\"\">Revisorsyttrande 2020<\/a><\/span><br \/><span style=\"font-family: tahoma, arial, helvetica, sans-serif;\"><a href=\"http:\/\/www.ljustero.org\/vadholma-vagforening\/wp-content\/uploads\/sites\/5\/2014\/06\/Val-av-funktion\u00e4rer-2020.pdf\" rel=\"\">Val av funktion\u00e4rer 2020<\/a><\/span><br \/><span style=\"font-family: tahoma, arial, helvetica, sans-serif;\"><a href=\"http:\/\/www.ljustero.org\/vadholma-vagforening\/wp-content\/uploads\/sites\/5\/2014\/06\/Vadholma-V\u00e4gf\u00f6rening-\u00e5rsm\u00f6tesprotokoll-2020.pdf\" rel=\"\">\u00c5rsm\u00f6tesprotokoll 2020<\/a><\/span><br \/><\/strong><\/p>\r\n<p style=\"padding-left: 40px;\"><span style=\"font-family: tahoma, arial, helvetica, sans-serif;\"><strong>2019<br \/><strong><a href=\"http:\/\/www.ljustero.org\/vadholma-vagforening\/wp-content\/uploads\/sites\/5\/2014\/06\/Vadholma-v\u00e4gf\u00f6rening-\u00c5rsm\u00f6te-kallelse-2019-ver-1.pdf\" target=\"_blank\" rel=\"noopener noreferrer\">Kallelse, dagordning<\/a>\u00a0<\/strong><br \/><strong><a href=\"http:\/\/www.ljustero.org\/vadholma-vagforening\/wp-content\/uploads\/sites\/5\/2014\/06\/V-ber\u00e4ttelse-Vadholma-2018-19-ver-1.pdf\" target=\"_blank\" rel=\"noopener noreferrer\">Verksamhetsber\u00e4ttelse 2018-2019<\/a>\u00a0<\/strong><br \/><strong><a href=\"http:\/\/www.ljustero.org\/vadholma-vagforening\/wp-content\/uploads\/sites\/5\/2014\/06\/Bokslut-2018-2019.pdf\" target=\"_blank\" rel=\"noopener noreferrer\">Bokslut 2018-2019<\/a><\/strong><br \/><strong><a href=\"http:\/\/www.ljustero.org\/vadholma-vagforening\/wp-content\/uploads\/sites\/5\/2014\/06\/Revisorsyttrande-2018-2019.pdf\" target=\"_blank\" rel=\"noopener noreferrer\">Revisorsyttrande 2019<\/a>\u00a0<\/strong><br \/><strong><a href=\"http:\/\/www.ljustero.org\/vadholma-vagforening\/wp-content\/uploads\/sites\/5\/2014\/06\/Val-av-funktion\u00c3\u00a4rer-2019.pdf\" target=\"_blank\" rel=\"noopener noreferrer\">Val av funktion\u00e4rer 2019<\/a><br \/><a href=\"http:\/\/www.ljustero.org\/vadholma-vagforening\/wp-content\/uploads\/sites\/5\/2014\/06\/Protokoll-\u00e5rsm\u00f6te-2019.pdf\" rel=\"\">\u00c5rsm\u00f6tesprotokoll 2019<\/a><br \/><\/strong><\/strong><\/span><\/p>\r\n<p style=\"padding-left: 40px;\"><span style=\"font-family: tahoma, arial, helvetica, sans-serif;\"><strong>2018<\/strong><\/span><br \/><span style=\"font-family: tahoma, arial, helvetica, sans-serif;\"><strong> <a href=\"http:\/\/www.ljustero.org\/vadholma-vagforening\/wp-content\/uploads\/sites\/5\/2014\/06\/Vadholma-v\u00e4gf\u00f6rening-\u00c5rsm\u00f6te-kallelse-2018-final.pdf\" target=\"_blank\" rel=\"noopener noreferrer\">Kallelse, dagordning<\/a>\u00a0<\/strong><\/span><br \/><span style=\"font-family: tahoma, arial, helvetica, sans-serif;\"><strong> <a href=\"http:\/\/www.ljustero.org\/vadholma-vagforening\/wp-content\/uploads\/sites\/5\/2014\/06\/V-ber\u00e4ttelse-Vadholma-2017-18-final.pdf\" target=\"_blank\" rel=\"noopener noreferrer\">Verksamhetsber\u00e4ttelse 2017-2018<\/a>\u00a0<\/strong><\/span><br \/><span style=\"font-family: tahoma, arial, helvetica, sans-serif;\"><strong> <a href=\"http:\/\/www.ljustero.org\/vadholma-vagforening\/wp-content\/uploads\/sites\/5\/2014\/06\/Bokslut-2017-2018-c-002.pdf\" target=\"_blank\" rel=\"noopener noreferrer\">Bokslut 2017-2018 <\/a><\/strong><\/span><br \/><span style=\"font-family: tahoma, arial, helvetica, sans-serif;\"><strong> <a href=\"http:\/\/www.ljustero.org\/vadholma-vagforening\/wp-content\/uploads\/sites\/5\/2014\/06\/Revisorsyttrande-2017-2018.pdf\" target=\"_blank\" rel=\"noopener noreferrer\">Revisorsyttrande 2018<\/a>\u00a0<\/strong><\/span><br \/><span style=\"font-family: tahoma, arial, helvetica, sans-serif;\"><strong> <a href=\"http:\/\/www.ljustero.org\/vadholma-vagforening\/wp-content\/uploads\/sites\/5\/2014\/06\/Val-av-funktion\u00e4rer-2018.pdf\" target=\"_blank\" rel=\"noopener noreferrer\">Val av funktion\u00e4rer 2018<\/a><br \/><a href=\"http:\/\/www.ljustero.org\/vadholma-vagforening\/wp-content\/uploads\/sites\/5\/2014\/06\/Vadholma-Samf\u00e4llighetsf\u00f6rening-\u00e5rsm\u00f6te-2018-protokoll-.pdf\" rel=\"\">\u00c5rsm\u00f6tesprotokoll 2018<\/a><br \/><\/strong><\/span><\/p>\r\n<h4 style=\"padding-left: 40px;\"><span style=\"font-family: tahoma, arial, helvetica, sans-serif;\">2017<\/span><br \/><span style=\"font-family: tahoma, arial, helvetica, sans-serif;\"><strong><a href=\"http:\/\/www.ljustero.org\/vadholma-vagforening\/wp-content\/uploads\/sites\/5\/2014\/06\/Vadholma-v\u00e4g-f\u00f6r-Agenda-\u00e5rsm\u00f6te-2017.pdf\" rel=\"\">Kallelse, dagordning<\/a> <\/strong><\/span><br \/><span style=\"font-family: tahoma, arial, helvetica, sans-serif;\"><strong><a href=\"http:\/\/www.ljustero.org\/vadholma-vagforening\/wp-content\/uploads\/sites\/5\/2014\/06\/V-ber\u00e4ttelse-Vadholma-2016-2017.pdf\" rel=\"\">Verksamhetsber\u00e4ttelse 2016-2017<\/a> <\/strong><\/span><br \/><span style=\"font-family: tahoma, arial, helvetica, sans-serif;\"><strong><a href=\"http:\/\/www.ljustero.org\/vadholma-vagforening\/wp-content\/uploads\/sites\/5\/2014\/06\/Bokslut-2016-2017.pdf\" rel=\"\">Bokslut 2016-2017<\/a><\/strong><\/span><br \/><span style=\"font-family: tahoma, arial, helvetica, sans-serif;\"><strong><a href=\"http:\/\/www.ljustero.org\/vadholma-vagforening\/wp-content\/uploads\/sites\/5\/2014\/06\/Revisorsyttrande-Vadholma-smf-2017.pdf\" rel=\"\">Revisorsyttrande 2017<\/a> <\/strong><\/span><br \/><span style=\"font-family: tahoma, arial, helvetica, sans-serif;\"><strong><a href=\"http:\/\/www.ljustero.org\/vadholma-vagforening\/wp-content\/uploads\/sites\/5\/2014\/06\/Val-av-funktion\u00e4rer-2017.pdf\" rel=\"\">Val av funktion\u00e4rer 2017<br \/><\/a><\/strong><a href=\"http:\/\/www.ljustero.org\/vadholma-vagforening\/wp-content\/uploads\/sites\/5\/2014\/06\/Protokoll-\u00e5rsm\u00f6te-2017-sid-1.pdf\" rel=\"\"><strong>Protokoll \u00e5rsm\u00f6te 2017 sid 1<\/strong><br \/><\/a><strong><a href=\"http:\/\/www.ljustero.org\/vadholma-vagforening\/wp-content\/uploads\/sites\/5\/2014\/06\/Protokoll-\u00e5rsm\u00f6te-2017-sid-2.pdf\" rel=\"\">Protokoll \u00e5rsm\u00f6te 2017 sid 2<br \/><\/a><\/strong><\/span><br \/><span style=\"font-family: tahoma, arial, helvetica, sans-serif;\">2016<\/span><br \/><span style=\"font-family: tahoma, arial, helvetica, sans-serif;\"><strong><a href=\"http:\/\/www.ljustero.org\/vadholma-vagforening\/wp-content\/uploads\/sites\/5\/2016\/05\/Agenda-\u00e5rsm\u00f6te-2016.pdf\" target=\"_blank\" rel=\"noopener noreferrer\">Kallelse, dagordning<\/a><\/strong><\/span><br \/><span style=\"font-family: tahoma, arial, helvetica, sans-serif;\"><strong> <a href=\"http:\/\/www.ljustero.org\/vadholma-vagforening\/wp-content\/uploads\/sites\/5\/2016\/05\/V-ber\u00e4ttelse-Vadholma-2015-2016.pdf\" target=\"_blank\" rel=\"noopener noreferrer\">Verksamhetsber\u00e4ttelse 2015-2016<\/a><\/strong><\/span><br \/><span style=\"font-family: tahoma, arial, helvetica, sans-serif;\"><strong> <a href=\"http:\/\/www.ljustero.org\/vadholma-vagforening\/wp-content\/uploads\/sites\/5\/2014\/06\/Bokslut-2015-2016-VadholmaF.pdf\" target=\"_blank\" rel=\"noopener noreferrer\">Bokslut 2015-2016<\/a><\/strong><\/span><br \/><span style=\"font-family: tahoma, arial, helvetica, sans-serif;\"><strong> <a href=\"http:\/\/www.ljustero.org\/vadholma-vagforening\/wp-content\/uploads\/sites\/5\/2016\/05\/Revisorsyttrande-f\u00f6r-2015.pdf\" target=\"_blank\" rel=\"noopener noreferrer\">Revisorsyttrande<\/a><\/strong><\/span><br \/><span style=\"font-family: tahoma, arial, helvetica, sans-serif;\"><strong> <a href=\"http:\/\/www.ljustero.org\/vadholma-vagforening\/wp-content\/uploads\/sites\/5\/2014\/06\/Val-av-funktion\u00e4rer-2016.pdf\" target=\"_blank\" rel=\"noopener noreferrer\">Val av funktion\u00e4rer<br \/><\/a><\/strong><strong><a href=\"http:\/\/www.ljustero.org\/vadholma-vagforening\/wp-content\/uploads\/sites\/5\/2014\/06\/Vadholma-smf-Protokoll-fr\u00e5n-\u00c5rsm\u00f6te-2016.pdf\" target=\"_blank\" rel=\"noopener noreferrer\">\u00c5rsm\u00f6tesprotokoll 2016<\/a><\/strong><\/span><br \/><span style=\"font-family: tahoma, arial, helvetica, sans-serif;\"><strong><br \/>2015<br style=\"font-weight: normal;\" \/><a href=\"http:\/\/www.ljustero.org\/vadholma-vagforening\/wp-content\/uploads\/sites\/5\/2014\/06\/Agenda-\u00e5rsm\u00f6te-2015.pdf\" target=\"_blank\" rel=\"noopener noreferrer\">Kallelse, dagordning<\/a><br style=\"font-weight: normal;\" \/><a href=\"http:\/\/www.ljustero.org\/vadholma-vagforening\/wp-content\/uploads\/sites\/5\/2014\/06\/V-ber\u00e4ttelse-2014-2015.pdf\" target=\"_blank\" rel=\"noopener noreferrer\">Verksamhetsber\u00e4ttelse 2014-2015<\/a><br style=\"font-weight: normal;\" \/><a href=\"http:\/\/www.ljustero.org\/vadholma-vagforening\/wp-content\/uploads\/sites\/5\/2014\/06\/Bokslut-2014-2015.pdf\" target=\"_blank\" rel=\"noopener noreferrer\">Bokslut 2014-2015<\/a><br style=\"font-weight: normal;\" \/><a href=\"http:\/\/www.ljustero.org\/vadholma-vagforening\/wp-content\/uploads\/sites\/5\/2014\/06\/Vadholma-smf-\u00c5rsm\u00f6te-2015-Protokoll-sid-1.pdf\">\u00c5rsm\u00f6te 2015 Protokoll sid 1<\/a><br \/><a href=\"http:\/\/www.ljustero.org\/vadholma-vagforening\/wp-content\/uploads\/sites\/5\/2014\/06\/Vadholma-smf-\u00c5rsm\u00f6te-2015-Protokoll-sid-2.pdf\">\u00c5rsm\u00f6te 2015 Protokoll sid 2<\/a><\/strong><\/span><\/h4>\r\n<p style=\"padding-left: 40px;\"><strong><span style=\"font-family: tahoma, arial, helvetica, sans-serif;\">2014<\/span><\/strong><br \/><span style=\"font-family: tahoma, arial, helvetica, sans-serif;\"><strong><a href=\"http:\/\/www.ljustero.org\/vadholma-vagforening\/wp-content\/uploads\/sites\/5\/2014\/06\/Agenda-%C3%A5rsm%C3%B6te-2014.pdf\" target=\"_blank\" rel=\"noopener noreferrer\"> Kallelse, dagordning<\/a><\/strong><\/span><br \/><span style=\"font-family: tahoma, arial, helvetica, sans-serif;\"><strong> <a href=\"http:\/\/www.ljustero.org\/vadholma-vagforening\/wp-content\/uploads\/sites\/5\/2014\/06\/V-ber%C3%A4ttelse-13-14-1.pdf\" target=\"_blank\" rel=\"noopener noreferrer\">Verksamhetsber\u00e4ttelse 2013-2014<\/a><\/strong><\/span><br \/><span style=\"font-family: tahoma, arial, helvetica, sans-serif;\"><strong> <a href=\"http:\/\/www.ljustero.org\/vadholma-vagforening\/wp-content\/uploads\/sites\/5\/2014\/06\/Bokslut-2013-2014.pdf\" target=\"_blank\" rel=\"noopener noreferrer\">Bokslut 2013-2014<\/a><\/strong><\/span><br \/><span style=\"font-family: tahoma, arial, helvetica, sans-serif;\"><strong> <a href=\"http:\/\/www.ljustero.org\/vadholma-vagforening\/wp-content\/uploads\/sites\/5\/2014\/06\/\u00c5rsm\u00f6tesprotokoll-2014.pdf\">\u00c5rsm\u00f6tesprotokoll 2014<\/a><\/strong><\/span><\/p>\r\n\r\n<div class=\"wp-block-media-text alignwide is-stacked-on-mobile\">\r\n<figure class=\"wp-block-media-text__media\"><\/figure>\r\n<div class=\"wp-block-media-text__content\">\r\n<p class=\"has-large-font-size\">\u00a0<\/p>\r\n<\/div>\r\n<\/div>\r\n","protected":false},"excerpt":{"rendered":"<p>FilarkivInfo f\u00f6r medlemmar om Vadholma samf\u00e4llighetsf\u00f6reningStadgarAnl\u00e4ggningsbeslutPersonuppgiftspolicy \u00c5rsm\u00f6ten 2025VSF protokoll \u00e5rsm\u00f6te 2025 2024Vadholma v\u00e4gf\u00f6rening \u00c5rsm\u00f6te kallelse 2024 finalVerksamhetsber\u00e4ttelse Vadholma 2023-24 ver finalVSF Bokslut 2023-24 och BudgetVSF Revisionsyttrande 2023-24Valberedningens f\u00f6rslag inf\u00f6r \u00e5rsm\u00f6tet 2024VSF Protokoll \u00e5rsm\u00f6te 2024, justerat\u00a0 2023Vadholma v\u00e4gf\u00f6rening \u00c5rsm\u00f6te kallelse 2023finalVerksamhetsber\u00e4ttelse Vadholma 2022-23 finalVSF Bokslut 2022-23 och BudgetVSF Revisionsyttrande 2022-23Val av funktion\u00e4rer 2023 finalProtokoll \u00e5rsm\u00f6te 2023 [&hellip;]<\/p>\n","protected":false},"author":1,"featured_media":0,"parent":0,"menu_order":0,"comment_status":"closed","ping_status":"open","template":"","meta":{"footnotes":""},"class_list":["post-74","page","type-page","status-publish","hentry"],"_links":{"self":[{"href":"http:\/\/www.ljustero.org\/vadholma-vagforening\/wp-json\/wp\/v2\/pages\/74","targetHints":{"allow":["GET"]}}],"collection":[{"href":"http:\/\/www.ljustero.org\/vadholma-vagforening\/wp-json\/wp\/v2\/pages"}],"about":[{"href":"http:\/\/www.ljustero.org\/vadholma-vagforening\/wp-json\/wp\/v2\/types\/page"}],"author":[{"embeddable":true,"href":"http:\/\/www.ljustero.org\/vadholma-vagforening\/wp-json\/wp\/v2\/users\/1"}],"replies":[{"embeddable":true,"href":"http:\/\/www.ljustero.org\/vadholma-vagforening\/wp-json\/wp\/v2\/comments?post=74"}],"version-history":[{"count":56,"href":"http:\/\/www.ljustero.org\/vadholma-vagforening\/wp-json\/wp\/v2\/pages\/74\/revisions"}],"predecessor-version":[{"id":375,"href":"http:\/\/www.ljustero.org\/vadholma-vagforening\/wp-json\/wp\/v2\/pages\/74\/revisions\/375"}],"wp:attachment":[{"href":"http:\/\/www.ljustero.org\/vadholma-vagforening\/wp-json\/wp\/v2\/media?parent=74"}],"curies":[{"name":"wp","href":"https:\/\/api.w.org\/{rel}","templated":true}]}}