{"id":8,"date":"2013-09-29T09:39:42","date_gmt":"2013-09-29T07:39:42","guid":{"rendered":"http:\/\/www.ljustero.org\/vadholma-vagforening\/?page_id=8"},"modified":"2025-03-13T20:57:53","modified_gmt":"2025-03-13T19:57:53","slug":"kontakt","status":"publish","type":"page","link":"http:\/\/www.ljustero.org\/vadholma-vagforening\/kontakt\/","title":{"rendered":"Kontakt"},"content":{"rendered":"<p>Styrelsen, som valdes p\u00e5 senaste \u00e5rsm\u00f6te best\u00e5r av<\/p>\n<p>Ordf\u00f6rande Jan Svensson \u00a0\u00a0\u00a0\u00a0\u00a0\u00a0\u00a0\u00a0\u00a0\u00a0\u00a0\u00a0\u00a0\u00a0\u00a0\u00a0\u00a0\u00a0\u00a0\u00a0\u00a0\u00a0\u00a0 <a href=\"mailto:ordforande@vadholma.se\">ordforande@vadholma.se<\/a><\/p>\n<p>Sekreterare G\u00f6ran Lundberg<\/p>\n<p>Kass\u00f6r Lars Hedstr\u00f6m<\/p>\n<p>Suppleant Erik Lindholm<\/p>\n<p>Suppleant Maria Ekblom<\/p>\n","protected":false},"excerpt":{"rendered":"<p>Styrelsen, som valdes p\u00e5 senaste \u00e5rsm\u00f6te best\u00e5r av Ordf\u00f6rande Jan Svensson \u00a0\u00a0\u00a0\u00a0\u00a0\u00a0\u00a0\u00a0\u00a0\u00a0\u00a0\u00a0\u00a0\u00a0\u00a0\u00a0\u00a0\u00a0\u00a0\u00a0\u00a0\u00a0\u00a0 ordforande@vadholma.se Sekreterare G\u00f6ran Lundberg Kass\u00f6r Lars Hedstr\u00f6m Suppleant Erik Lindholm Suppleant Maria Ekblom<\/p>\n","protected":false},"author":1,"featured_media":0,"parent":0,"menu_order":0,"comment_status":"closed","ping_status":"open","template":"","meta":{"footnotes":""},"class_list":["post-8","page","type-page","status-publish","hentry"],"_links":{"self":[{"href":"http:\/\/www.ljustero.org\/vadholma-vagforening\/wp-json\/wp\/v2\/pages\/8","targetHints":{"allow":["GET"]}}],"collection":[{"href":"http:\/\/www.ljustero.org\/vadholma-vagforening\/wp-json\/wp\/v2\/pages"}],"about":[{"href":"http:\/\/www.ljustero.org\/vadholma-vagforening\/wp-json\/wp\/v2\/types\/page"}],"author":[{"embeddable":true,"href":"http:\/\/www.ljustero.org\/vadholma-vagforening\/wp-json\/wp\/v2\/users\/1"}],"replies":[{"embeddable":true,"href":"http:\/\/www.ljustero.org\/vadholma-vagforening\/wp-json\/wp\/v2\/comments?post=8"}],"version-history":[{"count":11,"href":"http:\/\/www.ljustero.org\/vadholma-vagforening\/wp-json\/wp\/v2\/pages\/8\/revisions"}],"predecessor-version":[{"id":358,"href":"http:\/\/www.ljustero.org\/vadholma-vagforening\/wp-json\/wp\/v2\/pages\/8\/revisions\/358"}],"wp:attachment":[{"href":"http:\/\/www.ljustero.org\/vadholma-vagforening\/wp-json\/wp\/v2\/media?parent=8"}],"curies":[{"name":"wp","href":"https:\/\/api.w.org\/{rel}","templated":true}]}}